 8127231.
399
What is the greatest common divisor of 16620 and 738015?
15
Calculate the highest common divisor of 386280 and 2152.
8
What is the highest common factor of 751881803 and 758?
379
What is the highest common factor of 1927 and 4067850?
47
Calculate the highest common divisor of 71476 and 136960.
428
What is the highest common divisor of 42666 and 1254818?
1094
What is the greatest common factor of 207542 and 328?
82
Calculate the highest common factor of 4750144 and 48944.
2576
What is the highest common factor of 9340569 and 63?
63
What is the highest common factor of 24284812 and 3021?
1007
Calculate the greatest common factor of 1440 and 13622940.
180
Calculate the highest common divisor of 50 and 17326850.
50
What is the greatest common divisor of 26127012 and 252?
12
Calculate the highest common divisor of 3462 and 39500266.
1154
Calculate the greatest common factor of 69719 and 18352.
31
What is the greatest common factor of 79028 and 6348?
92
Calculate the highest common factor of 59990718 and 3033.
1011
What is the greatest common divisor of 72 and 18260092?
4
What is the highest common factor of 5419423 and 488?
61
What is the highest common factor of 26258 and 4787248?
1382
What is the greatest common factor of 874664 and 295708?
28
What is the greatest common divisor of 77 and 16195223?
11
What is the greatest common factor of 2018766867 and 5889?
5889
What is the highest common factor of 106 and 27901850?
106
What is the highest common divisor of 4452 and 13874340?
636
What is the greatest common divisor of 234 and 2088486?
18
What is the highest common divisor of 1569496 and 512?
8
Calculate the greatest common divisor of 100662 and 1786.
38
Calculate the highest common divisor of 203 and 3941105.
7
Calculate the greatest common divisor of 538740 and 48936780.
7380
What is the greatest common factor of 185288 and 280991?
437
What is the greatest common factor of 625982890 and 26?
26
What is the greatest common divisor of 117547870 and 4180?
2090
What is the highest common factor of 3875806 and 1023?
341
Calculate the greatest common divisor of 386 and 340571.
1
What is the greatest common divisor of 3164106 and 19578?
1506
What is the greatest common factor of 601809 and 254018?
1187
Calculate the greatest common factor of 174523 and 4263097.
877
Calculate the highest common divisor of 591768394 and 2362.
2362
Calculate the greatest common factor of 9307043 and 20561.
709
Calculate the highest common divisor of 327 and 103420617.
327
Calculate the highest common factor of 72 and 176150616.
24
Calculate the greatest common divisor of 193774367 and 2833.
2833
Calculate the greatest common factor of 140242 and 758.
2
What is the highest common divisor of 3255 and 68206665?
465
What is the highest common divisor of 26 and 422206?
2
What is the highest common divisor of 59 and 215044321?
59
Calculate the highest common divisor of 924 and 3139444.
308
What is the greatest common factor of 144663491 and 69?
23
What is the highest common divisor of 18076821 and 3668?
917
Calculate the highest common factor of 275 and 10045145.
55
Calculate the greatest common divisor of 263971824 and 96.
48
What is the greatest common divisor of 204 and 61775892?
204
What is the highest common factor of 20405416 and 4600?
184
What is the highest common factor of 4985678 and 18533?
43
What is the highest common factor of 667104 and 936?
24
What is the highest common divisor of 2702900 and 252472?
604
Calculate the highest common factor of 126221 and 718231.
1117
What is the greatest common factor of 5332236 and 156?
156
What is the highest common factor of 489858652 and 8897?
1271
Calculate the greatest common factor of 124 and 319249346.
62
What is the highest common factor of 3305 and 37138285?
3305
Calculate the highest common divisor of 525206 and 330.
22
What is the greatest common divisor of 2719428 and 2346?
138
What is the greatest common divisor of 37720 and 235888?
184
What is the highest common divisor of 42728 and 1047272?
872
What is the greatest common divisor of 11564055 and 1955?
115
What is the highest common factor of 17328 and 26822832?
912
What is the highest common divisor of 2420850 and 1800?
150
Calculate the greatest common divisor of 4940144 and 176.
176
Calculate the highest common factor of 98672 and 5488.
112
What is the highest common divisor of 27744 and 598944?
1632
What is the highest common divisor of 154 and 4977929?
11
Calculate the highest common factor of 19956573 and 147.
147
What is the highest common divisor of 973 and 66321487?
139
What is the greatest common factor of 402 and 346855449?
201
What is the highest common factor of 2808 and 848744?
104
Calculate the highest common divisor of 14748 and 3372.
12
What is the highest common factor of 3116 and 479126?
82
Calculate the highest common divisor of 1891 and 1795210.
31
What is the highest common divisor of 456 and 95577296?
152
Calculate the greatest common factor of 367701 and 234737121.
15987
What is the highest common divisor of 48927 and 474512?
47
Calculate the highest common factor of 227446955 and 925.
185
Calculate the greatest common divisor of 186515 and 508445.
2555
Calculate the highest common divisor of 1876476 and 105.
21
Calculate the greatest common factor of 799110 and 102960.
1170
Calculate the greatest common divisor of 87852154 and 78.
26
What is the greatest common factor of 110 and 12904364?
22
What is the greatest common divisor of 443365 and 2009345?
1235
Calculate the highest common factor of 29852 and 1135124.
68
Calculate the greatest common divisor of 34 and 34267138.
34
What is the highest common factor of 39256 and 6399624?
56
Calculate the greatest common factor of 340603344 and 1642.
1642
What is the greatest common divisor of 140944 and 356?
4
What is the highest common divisor of 957631 and 86631?
67
What is the greatest common divisor of 133056 and 3790017?
2079
What is the highest common factor of 171842 and 869803?
1177
What is the greatest common factor of 1990029 and 184?
23
What is the greatest common factor of 170 and 2757298?
34
What is the greatest common factor of 62928 and 1889208?
1368
Calculate the greatest common divisor of 647295797 and 47.
47
What is the greatest common divisor of 49893684 and 384?
12
Calculate the greatest common divisor of 19543545 and 40635.
945
Calculate the greatest common factor of 5168256 and 2696808.
7512
What is the highest common factor of 357500 and 819676?
572
Calculate the greatest common factor of 110598 and 1416.
6
Calculate the highest common factor of 16260348 and 858.
78
Calculate the greatest common divisor of 57580356 and 876.
876
Calculate the greatest common divisor of 362880 and 12879.
81
What is the highest common divisor of 644 and 4948772?
92
Calculate the greatest common factor of 526584 and 84.
12
Calculate the highest common factor of 22133606 and 38918.
1342
Calculate the highest common factor of 2115 and 149490315.
2115
Calculate the highest common divisor of 316251825 and 825.
75
What is the highest common factor of 305070 and 106?
2
What is the highest common divisor of 20876897 and 116?
29
What is the greatest common factor of 64 and 9608656?
16
What is the greatest common divisor of 720 and 3139245?
45
What is the highest common factor of 437443 and 28274?
67
Calculate the highest common divisor of 1285072 and 6544.
16
Calculate the greatest common divisor of 1631355210 and 45.
45
Calculate the greatest common factor of 5683084 and 21560.
44
What is the greatest common factor of 508 and 148498306?
254
What is the greatest common factor of 857613381 and 2588?
647
What is the greatest common factor of 1665 and 23404905?
1665
What is the highest common divisor of 1149 and 981042627?
1149
Calculate the greatest common divisor of 57665240 and 94.
94
What is the greatest common divisor of 343684313 and 7?
7
What is the greatest common divisor of 124396398 and 15876?
7938
Calculate the highest common factor of 198 and 8442450.
18
Calculate the greatest common factor of 66 and 47240116.
22
Calculate the highest common divisor of 1835951180 and 140.
140
Calculate the greatest common factor of 2015504673 and 63.
21
What is the greatest common factor of 726